base 11
aaa5
Convert -199 (base 15) to base 7.
-1035
Convert -524 (base 6) to base 13.
-121
2132 (base 4) to base 12
112
What is -1205 (base 11) in base 15?
-703
Convert 1331 (base 9) to base 14.
516
Convert 133515 (base 6) to base 8.
30327
What is -14442 (base 5) in base 16?
-4df
What is c49 (base 14) in base 10?
2417
What is -16673 (base 8) in base 14?
-2ab9
-41411 (base 5) to base 6
-20351
What is -3310 (base 4) in base 7?
-466
Convert 116705 (base 8) to base 15.
be79
What is 3337 (base 11) in base 9?
6024
Convert d8e (base 15) to base 9.
4168
Convert 1cb (base 15) to base 11.
349
Convert -10303 (base 5) to base 2.
-1010111111
-12066 (base 7) to base 11
-23a0
210303 (base 5) to base 7
26162
What is -10001010101011 (base 2) in base 8?
-21253
16381 (base 10) to base 7
65521
Convert 15109 (base 10) to base 11.
10396
Convert 3259 (base 12) to base 13.
26a3
Convert -232 (base 4) to base 2.
-101110
What is -5662 (base 12) in base 3?
-111010202
What is -1112 (base 4) in base 11?
-79
-2451 (base 6) to base 16
-25f
-10498 (base 10) to base 4
-2210002
What is 21550 (base 6) in base 4?
233022
Convert -1001000 (base 2) to base 16.
-48
Convert 12231 (base 7) to base 3.
11101210
What is 4003 (base 5) in base 13?
2c9
-3d81 (base 14) to base 4
-2222031
-120001 (base 4) to base 2
-11000000001
-10110011100 (base 2) to base 11
-1096
23b (base 16) to base 14
2cb
What is -346 (base 14) in base 13?
-3b0
Convert -10453 (base 6) to base 8.
-2701
What is -a574 (base 11) in base 7?
-55543
12600 (base 8) to base 15
196e
Convert -1046 (base 9) to base 6.
-3323
What is 1103111 (base 4) in base 5?
132313
What is -40031 (base 5) in base 3?
-10110012
Convert 319 (base 11) to base 8.
577
Convert -a4b0 (base 14) to base 3.
-1102221001
-1230 (base 5) to base 7
-361
-504 (base 13) to base 15
-3b9
Convert 16a9 (base 11) to base 14.
b16
What is -11001100 (base 2) in base 6?
-540
Convert 213200 (base 4) to base 7.
10241
8c (base 16) to base 2
10001100
70 (base 14) to base 2
1100010
What is -32003 (base 4) in base 5?
-12044
Convert 2897 (base 15) to base 3.
102220221
What is -216 (base 14) in base 6?
-1524
Convert ab9 (base 13) to base 5.
24332
Convert -2253 (base 6) to base 12.
-389
211514 (base 7) to base 3
1212020002
-1421 (base 8) to base 6
-3345
Convert 703 (base 9) to base 13.
34b
Convert 222331 (base 5) to base 10.
7841
What is 1130 (base 8) in base 5?
4400
-939b (base 12) to base 5
-1003403
What is 12200 (base 4) in base 12?
2a8
What is -7ca1 (base 14) in base 15?
-666b
What is -100514 (base 6) in base 13?
-381a
Convert 583 (base 10) to base 9.
717
Convert -393 (base 13) to base 15.
-2bc
609 (base 12) to base 9
1170
Convert 7c8 (base 13) to base 7.
3633
What is 174 (base 10) in base 4?
2232
Convert 19dd9 (base 14) to base 7.
362662
-d517 (base 16) to base 2
-1101010100010111
Convert 466 (base 12) to base 13.
3b4
Convert -11353 (base 6) to base 16.
-675
c2 (base 16) to base 2
11000010
Convert 339 (base 11) to base 2.
110010101
Convert -c1 (base 16) to base 9.
-234
What is -30022 (base 5) in base 16?
-75f
Convert -120020202 (base 3) to base 11.
-8397
-991 (base 10) to base 14
-50b
Convert 2678 (base 9) to base 10.
2015
Convert 987 (base 13) to base 8.
3140
Convert -31411 (base 6) to base 7.
-15256
What is 82b (base 14) in base 16?
647
What is 1688 (base 9) in base 6?
5555
404 (base 7) to base 16
c8
Convert 140102 (base 5) to base 7.
22323
-454 (base 10) to base 7
-1216
What is -10721 (base 8) in base 14?
-193b
Convert -450554 (base 6) to base 3.
-1220211221
-142354 (base 6) to base 11
-a194
What is 11444 (base 5) in base 15?
3d4
-1373 (base 16) to base 7
-20342
Convert -2003044 (base 5) to base 14.
-b769
What is -22031 (base 4) in base 5?
-10103
Convert 150041 (base 6) to base 9.
21527
-212032 (base 4) to base 14
-c6a
Convert -154262 (base 9) to base 2.
-10111001100001100
-435 (base 7) to base 16
-de
Convert -10000001 (base 2) to base 3.
-11210
What is -12647 (base 10) in base 15?
-3b32
What is 143344 (base 7) in base 4?
12233203
-33 (base 4) to base 13
-12
What is 17d1 (base 14) in base 12?
25a3
Convert -320111 (base 4) to base 6.
-24405
What is 1032112 (base 5) in base 14?
66a2
Convert -1004223 (base 6) to base 3.
-2102022020
-100100110101 (base 2) to base 7
-6605
Convert -59467 (base 10) to base 11.
-40751
What is -70d8 (base 14) in base 11?
-13635
What is 1033322 (base 4) in base 3?
21000102
What is -11011111011 (base 2) in base 8?
-3373
Convert -2516 (base 14) to base 9.
-8808
What is 221 (base 8) in base 7?
265
What is d3e3 (base 15) in base 10?
44763
Convert 21002 (base 3) to base 6.
515
26615 (base 9) to base 14
67b6
What is -475 (base 8) in base 6?
-1245
Convert 156 (base 13) to base 6.
1040
What is -504 (base 14) in base 2?
-1111011000
What is 10010011110 (base 2) in base 3?
1121210
-101011110000 (base 2) to base 10
-2800
135444 (base 6) to base 16
3274
-123 (base 5) to base 4
-212
Convert -2350 (base 16) to base 6.
-105504
Convert 88 (base 15) to base 8.
200
Convert 58c (base 13) to base 16.
3c1
-63d1 (base 14) to base 3
-212122100
-23312 (base 4) to base 11
-62a
-2133 (base 8) to base 14
-599
28132 (base 9) to base 7
106403
Convert 25112 (base 6) to base 9.
5078
Convert -1111221011 (base 3) to base 11.
-20467
Convert 2411 (base 5) to base 6.
1352
11001100010000 (base 2) to base 6
140304
3fbb (base 16) to base 9
24337
Convert -150311 (base 6) to base 16.
-3823
230d (base 15) to base 5
214223
220410 (base 5) to base 15
23c0
What is -24a1 (base 13) in base 10?
-5201
Convert -242 (base 13) to base 12.
-288
What is -1e53 (base 16) in base 3?
-101122112
Convert 3e1d (base 16) to base 3.
210210221
What is 2b0 (base 12) in base 3?
120120
Convert -14292 (base 10) to base 4.
-3133110
What is -2c8 (base 13) in base 9?
-617
Convert -c1 (base 13) to base 5.
-1112
What is 1002212 (base 3) in base 12?
572
Convert 1033200 (base 4) to base 2.
1001111100000
d57c (base 14) to base 5
2134022
-3043 (base 5) to base 14
-206
What is -1203525 (base 6) in base 16?
-f64d
What is 213 (base 14) in base 8?
631
What is -32203131 (base 4) in base 10?
-59613
-688 (base 12) to base 15
-448
-40101 (base 5) to base 14
-cc6
Convert 1156 (base 16) to base 2.
1000101010110
Convert 110010001 (base 2) to base 9.
485
Convert 146610 (base 7) to base 3.
1110110120
What is -424 (base 9) in base 8?
-532
Convert -115010 (base 6) to base 14.
-39b8
15458 (base 11) to base 9
32860
-30133 (base 4) to base 10
-799
7216 (base 10) to base 5
212331
What is -126 (base 11) in base 15?
-9e
1100100010011001 (base 2) to base 7
302501
What is -1351 (base 7) in base 14?
-298
2259 (base 11) to base 14
1120
What is 381 (base 13) in base 11?
507
What is a577 (base 14) in base 9?
43114
Convert 1101110111101 (base 2) to base 3.
100202000
What is -6853 (base 12) in base 9?
-16800
What is -7417 (base 9) in base 11?
-40a9
What is -161524 (base 7) in base 11?
-219a7
Convert 13211 (base 4) to base 15.
225
What is 1647 (base 9) in base 15?
58d
What is 1503 (base 7) in base 3?
210220
Convert -11354 (base 6) to base 15.
-754
2951 (base 12) to base 6
34141
What is -1040231 (base 5) in base 11?
-12738
Convert 323012 (base 4) to base 16.
ec6
Convert 3311322 (base 4) to base 2.
11110101111010
Convert 53e7 (base 15) to base 2.
100010101100111
What is 105222 (base 6) in base 3?
110021012
Convert -430 (base 6) to base 2.
-10100010
Convert 29 (base 14) to base 12.
31
-762 (base 15) to base 2
-11010000011
-10010 (base 3) to base 13
-66
1110 (base 9) to base 14
427
Convert -342343 (base 6) to base 4.
-13012113
-1610 (base 7) to base 9
-785
-464 (base 13) to base 2
-1011110110
-1033003 (base 4) to base 15
-1774
What is 10334 (base 6) in base 5?
21201
1222 (base 4) to base 9
127
Convert 11920 (base 13) to base 3.
1122022111
What is 9b4 (base 12) in base 6?
10344
352305 (base 6) to base 11
20894
14731 (base 12) to base 14
a657
963 (base 10) to base 3
1022200
Convert -1fab (base 16) to base 10.
-8107
173a (base 16) to base 4
1130322
Convert -133020 (base 7) to base 16.
-61dd
Convert -3041242 (base 5) to base 2.
-1100000110100100
Convert -321 (base 11) to base 10.
-386
Convert 503 (base 10) to base 11.
418
11111 (base 3) to base 4
1321
14c5 (base 13) to base 16
bda
1225 (base 15) to base 5
110420
Convert -112101012 (base 3) to base 6.
-120305
C